ghest common factor of 87 and 957.
87
Calculate the greatest common divisor of 203 and 35.
7
Calculate the greatest common divisor of 38 and 133.
19
Calculate the highest common divisor of 5735 and 155.
155
What is the highest common divisor of 6 and 6?
6
What is the highest common factor of 992 and 192?
32
Calculate the greatest common factor of 3817 and 77.
11
What is the greatest common divisor of 10669 and 227?
227
Calculate the greatest common factor of 2 and 98.
2
Calculate the highest common divisor of 1442 and 14.
14
Calculate the greatest common divisor of 658 and 1598.
94
What is the highest common factor of 270 and 240?
30
What is the greatest common divisor of 2123 and 11?
11
Calculate the greatest common factor of 7 and 378.
7
Calculate the highest common factor of 144 and 54.
18
What is the greatest common divisor of 201 and 75?
3
What is the highest common factor of 99 and 1177?
11
What is the greatest common divisor of 138 and 46?
46
Calculate the highest common divisor of 129 and 344.
43
Calculate the highest common factor of 21725 and 550.
275
Calculate the greatest common factor of 24 and 84.
12
Calculate the greatest common divisor of 40 and 5.
5
What is the highest common divisor of 336 and 3?
3
What is the highest common factor of 432 and 162?
54
Calculate the greatest common divisor of 280 and 1456.
56
Calculate the greatest common factor of 20 and 470.
10
Calculate the highest common factor of 9 and 8847.
9
What is the highest common divisor of 25 and 925?
25
Calculate the highest common divisor of 5083 and 6647.
391
Calculate the greatest common factor of 35 and 42.
7
Calculate the greatest common factor of 756 and 12012.
84
What is the greatest common factor of 75 and 1065?
15
Calculate the greatest common divisor of 187 and 341.
11
Calculate the highest common factor of 576 and 216.
72
Calculate the highest common factor of 1710 and 494.
38
What is the highest common divisor of 672 and 861?
21
What is the highest common divisor of 57 and 437?
19
Calculate the highest common divisor of 3753 and 108.
27
Calculate the greatest common divisor of 9 and 477.
9
Calculate the highest common divisor of 14150 and 10.
10
What is the highest common factor of 38 and 114?
38
What is the greatest common factor of 3933 and 414?
207
What is the greatest common factor of 4247 and 31?
31
What is the greatest common factor of 1848 and 7238?
154
What is the highest common factor of 3475 and 417?
139
Calculate the highest common divisor of 230 and 276.
46
What is the highest common divisor of 8 and 216?
8
What is the greatest common factor of 148 and 2035?
37
What is the highest common divisor of 1331 and 110?
11
What is the greatest common divisor of 99 and 36?
9
Calculate the highest common divisor of 27 and 45.
9
What is the greatest common factor of 1548 and 396?
36
Calculate the greatest common factor of 7 and 1008.
7
Calculate the highest common divisor of 375 and 30.
15
What is the greatest common divisor of 407 and 11?
11
Calculate the highest common divisor of 14416 and 272.
272
What is the highest common divisor of 154 and 5896?
22
Calculate the highest common factor of 13 and 65.
13
Calculate the greatest common factor of 16 and 84464.
16
What is the highest common divisor of 240 and 144?
48
What is the highest common factor of 1970 and 30?
10
What is the highest common divisor of 8 and 232?
8
What is the greatest common factor of 664 and 996?
332
Calculate the greatest common factor of 27 and 16614.
9
Calculate the greatest common factor of 102 and 1581.
51
Calculate the highest common factor of 57000 and 12.
12
What is the highest common factor of 90 and 290?
10
What is the greatest common divisor of 3 and 56?
1
Calculate the highest common divisor of 1674 and 864.
54
Calculate the greatest common divisor of 299 and 13.
13
Calculate the greatest common factor of 238 and 170.
34
Calculate the highest common factor of 568 and 12780.
284
Calculate the highest common divisor of 3510 and 60.
30
Calculate the greatest common divisor of 2200 and 175.
25
Calculate the greatest common divisor of 240 and 192.
48
What is the highest common divisor of 30 and 240?
30
Calculate the highest common factor of 2985 and 165.
15
Calculate the greatest common divisor of 1670 and 5.
5
Calculate the greatest common divisor of 11590 and 380.
190
Calculate the greatest common divisor of 36 and 3978.
18
Calculate the highest common divisor of 4 and 26.
2
What is the highest common divisor of 189 and 1743?
21
What is the highest common factor of 110 and 2035?
55
What is the highest common factor of 140 and 11165?
35
What is the highest common divisor of 69 and 201?
3
What is the greatest common factor of 104055 and 15?
15
Calculate the greatest common factor of 68 and 62.
2
Calculate the highest common factor of 9853 and 531.
59
What is the highest common factor of 15 and 240?
15
Calculate the highest common divisor of 110 and 77.
11
Calculate the highest common divisor of 3 and 19.
1
What is the greatest common factor of 320 and 832?
64
Calculate the greatest common divisor of 93 and 155.
31
Calculate the highest common divisor of 107764 and 116.
116
What is the greatest common divisor of 228 and 44004?
228
Calculate the greatest common divisor of 344 and 301.
43
Calculate the highest common divisor of 41 and 9963.
41
Calculate the highest common divisor of 3568 and 32.
16
Calculate the greatest common divisor of 80 and 1712.
16
Calculate the greatest common divisor of 70 and 1435.
35
What is the highest common factor of 50 and 380?
10
What is the highest common factor of 816 and 648?
24
Calculate the highest common factor of 121 and 8107.
121
Calculate the greatest common divisor of 142 and 34.
2
What is the greatest common factor of 2666 and 124?
62
What is the highest common factor of 35880 and 5?
5
Calculate the greatest common factor of 56 and 140.
28
Calculate the highest common divisor of 48 and 30.
6
Calculate the highest common divisor of 141 and 1081.
47
What is the greatest common factor of 414 and 92?
46
Calculate the greatest common factor of 86 and 43.
43
Calculate the greatest common divisor of 594 and 187.
11
Calculate the greatest common factor of 17 and 7871.
17
What is the greatest common divisor of 28368 and 288?
144
What is the highest common factor of 484 and 792?
44
What is the greatest common divisor of 360 and 520?
40
Calculate the highest common factor of 18769 and 137.
137
Calculate the greatest common factor of 2 and 3736.
2
What is the greatest common divisor of 396 and 20295?
99
Calculate the highest common factor of 2 and 1170.
2
What is the greatest common factor of 75 and 90?
15
What is the highest common factor of 436 and 15478?
218
Calculate the highest common divisor of 154 and 70.
14
Calculate the greatest common factor of 40 and 540.
20
Calculate the greatest common divisor of 19625 and 125.
125
What is the highest common factor of 69 and 92?
23
What is the highest common divisor of 28 and 350?
14
Calculate the highest common factor of 22188 and 12.
12
Calculate the highest common divisor of 71 and 3.
1
What is the greatest common factor of 32 and 48?
16
Calculate the highest common divisor of 404 and 4.
4
What is the greatest common factor of 260 and 10790?
130
What is the highest common divisor of 276 and 230?
46
What is the greatest common factor of 1053 and 26?
13
What is the greatest common divisor of 159 and 53?
53
What is the greatest common factor of 52 and 221?
13
Calculate the highest common factor of 49 and 343.
49
What is the greatest common divisor of 6 and 1944?
6
What is the highest common divisor of 28 and 4?
4
What is the highest common factor of 352 and 275?
11
What is the highest common factor of 4374 and 18?
18
What is the highest common divisor of 28 and 2121?
7
Calculate the highest common divisor of 184 and 88.
8
Calculate the highest common factor of 276 and 230.
46
Calculate the greatest common divisor of 4455 and 135.
135
What is the highest common divisor of 3450 and 30?
30
Calculate the highest common divisor of 5846 and 111.
37
Calculate the greatest common divisor of 341 and 55.
11
What is the highest common divisor of 78 and 65?
13
What is the greatest common divisor of 35294 an